 -11a3208?
-11a3207
In base 10, what is -40467 + 401?
-40066
In base 14, what is -9 - 336924?
-33692d
In base 8, what is 21477351 + 4?
21477355
In base 7, what is -10 - 6052321?
-6052331
In base 14, what is 4b + 41548?
41595
In base 16, what is -5 - -24c01f?
24c01a
In base 3, what is -20000210221100 - -12?
-20000210221011
In base 9, what is 35 - 1163042?
-1163006
In base 8, what is 5 - -1371720?
1371725
In base 7, what is 555 - -110315?
111203
In base 9, what is -16863153 + 61?
-16863082
In base 7, what is 2 - 1525503364?
-1525503362
In base 7, what is 143 + -106643130?
-106642654
In base 4, what is 23 + -1003312011231?
-1003312011202
In base 4, what is 13232 - -121300?
201132
In base 4, what is 1202230102 + -1?
1202230101
In base 8, what is -3206736 + -177?
-3207135
In base 3, what is -12110 + -2002011001?
-2002100111
In base 3, what is 1 + 120200001020?
120200001021
In base 14, what is 5 + -443953?
-44394c
In base 8, what is -1 + -1645?
-1646
In base 7, what is -1566441213 - 0?
-1566441213
In base 7, what is -340254 - 3161?
-343445
In base 9, what is -2183 - 2400?
-4583
In base 2, what is -1110011010000 - 1010000?
-1110100100000
In base 3, what is 10000102111021010 - 0?
10000102111021010
In base 11, what is -1 + -2570092?
-2570093
In base 6, what is 313 - 55101251?
-55100534
In base 14, what is 2c4746 + -1?
2c4745
In base 12, what is 7103a89 - 0?
7103a89
In base 5, what is -120 + 20311100244?
20311100124
In base 9, what is 150061881 + -11?
150061870
In base 6, what is -411 + 33023254?
33022443
In base 14, what is 1 - 28ada7?
-28ada6
In base 8, what is 605500460 + 1?
605500461
In base 6, what is -53202 + -32?
-53234
In base 6, what is 4120335 + 44?
4120423
In base 5, what is -3142242002 + -10?
-3142242012
In base 15, what is 189b - -2a1b?
43b7
In base 2, what is 100000 + -11100111000000111001?
-11100111000000011001
In base 14, what is -7d12b2 - 1?
-7d12b3
In base 11, what is -4885 - -29a61?
25187
In base 14, what is -1 + -1add486?
-1add487
In base 7, what is -11 - -10064504?
10064463
In base 9, what is 12744284 + 0?
12744284
In base 8, what is -2 - -334646276?
334646274
In base 2, what is -11 + 110000001011011001001?
110000001011011000110
In base 3, what is 101102110 + -1101020?
100001020
In base 16, what is 1d805 + 6?
1d80b
In base 5, what is 42 - -113114223?
113114320
In base 14, what is -38 - -719c?
7164
In base 7, what is -453021 + 145?
-452543
In base 2, what is 0 - 11001111010000110110111000?
-11001111010000110110111000
In base 6, what is 5 + -1020211153?
-1020211144
In base 10, what is 0 + -56446638?
-56446638
In base 2, what is 100 + -100001000111110011000000000?
-100001000111110010111111100
In base 10, what is 12911976 + 3?
12911979
In base 6, what is 30 + 102252045?
102252115
In base 8, what is -3 + 255122?
255117
In base 5, what is -101300 + 41032?
-10213
In base 8, what is -264566 + -1060?
-265646
In base 5, what is 23231034 + 10?
23231044
In base 3, what is -10112020 + -100022?
-10212112
In base 12, what is -87b7b + 2a6?
-87895
In base 13, what is -1 + -1731018?
-1731019
In base 3, what is -21010211011011212 - -11?
-21010211011011201
In base 8, what is 10637745 - 4?
10637741
In base 3, what is 10 + 10010121221222101?
10010121221222111
In base 7, what is -532454 + 1513?
-530641
In base 3, what is 201220011121020 + 12?
201220011121102
In base 14, what is 133b07 - 31?
133ab6
In base 3, what is -1001022002102012102 + -11?
-1001022002102012120
In base 13, what is -206 - 1532c?
-15535
In base 11, what is -194 - -4645?
4461
In base 8, what is 240 + -2306215?
-2305755
In base 2, what is 100111100101101100110 + 1011001?
100111100101110111111
In base 4, what is -2200301 - -10313031?
2112130
In base 15, what is -8c - -257856?
2577b9
In base 11, what is -29a68 + -1410?
-30378
In base 9, what is -65260 + -208?
-65468
In base 4, what is 101212 - -210330231?
211032103
In base 14, what is -42a + -1bc12?
-1c23c
In base 5, what is 134140432 + -32?
134140400
In base 6, what is -1531 + -212033?
-214004
In base 13, what is -1 - -11b843?
11b842
In base 11, what is -2907886 - 3?
-2907889
In base 5, what is 4012444120 - -4?
4012444124
In base 11, what is 0 + -2114356?
-2114356
In base 7, what is -21 + -64401352?
-64401403
In base 2, what is -11 - 110000101101010100001011?
-110000101101010100001110
In base 10, what is 54669 - 192?
54477
In base 8, what is 12 + 34265344?
34265356
In base 11, what is -1 + 5447073?
5447072
In base 5, what is 2430320 + 302?
2431122
In base 4, what is -1130313100 + -1131?
-1130320231
In base 11, what is 37a8203 - -7?
37a820a
In base 4, what is -32223020303 - 1100?
-32223022003
In base 5, what is -11244012143 - -1?
-11244012142
In base 6, what is 3003453401 - 3?
3003453354
In base 3, what is 11202010120102 - -200?
11202010121002
In base 7, what is 12120263 - -111?
12120404
In base 4, what is -20 + -11033121003211?
-11033121003231
In base 6, what is -40 + 334103322?
334103242
In base 11, what is 227 - 75a36?
-7580a
In base 6, what is 554324 - -3253?
1002021
In base 12, what is 492ab + 52?
49341
In base 2, what is -100 - -111110000011010011100?
111110000011010011000
In base 8, what is 4 + 105244273?
105244277
In base 12, what is -2 - -8431b3?
8431b1
In base 6, what is -321121244 - 23?
-321121311
In base 6, what is 3015142451 - 3?
3015142444
In base 6, what is -101343 - -3401?
-53542
In base 9, what is 3 + -340353415?
-340353412
In base 7, what is 231344563 - -3?
231344566
In base 15, what is -4ab812 - -4?
-4ab80d
In base 12, what is 5 - 739387?
-739382
In base 9, what is 101 + -601501?
-601400
In base 5, what is -10 - 101240332101?
-101240332111
In base 10, what is -27855 - -916?
-26939
In base 11, what is -3032 - -8aa2?
5a70
In base 10, what is 243085 - -12?
243097
In base 5, what is 21 - 30011313?
-30011242
In base 6, what is 155 + 442334?
442533
In base 5, what is 24440401320 - -12?
24440401332
In base 15, what is -2175 - -11eca?
ed55
In base 16, what is -737fe + 209?
-735f5
In base 7, what is -433124350 + 11?
-433124336
In base 7, what is 21 - -14651636?
14651660
In base 11, what is 187 + 227053?
22722a
In base 9, what is 3233 + -2308?
824
In base 15, what is -27dc - 2b4?
-2aa1
In base 5, what is 1004312 + 1334?
1011201
In base 11, what is -3157 + a13?
-2244
In base 16, what is 78aad9 + -8?
78aad1
In base 3, what is 101010021 + 12001110?
120011201
In base 4, what is 301312102 - 1022?
301311020
In base 13, what is a + -3c2aa6?
-3c2a99
In base 13, what is 0 - -13061c5a?
13061c5a
In base 10, what is -7 - 252119?
-252126
In base 15, what is 2 - -190b546?
190b548
In base 4, what is 102210022 + 22103?
102232131
In base 2, what is 10000101011010 - -1011100011000110?
1101101000100000
In base 7, what is 11 - 53066214?
-53066203
In base 15, what is -518 + 3aaa?
3592
In base 6, what is -3 - 3225021?
-3225024
In base 10, what is 1221112 - 21?
1221091
In base 12, what is 0 + b56a148?
b56a148
In base 9, what is 33511 - -167?
33678
In base 13, what is -3a3 + -11bc8?
-1229b
In base 16, what is b - 4182e84?
-4182e79
In base 9, what is 138882224 - -7?
138882232
In base 8, what is 2731 + -216340?
-213407
In base 5, what is -3014012 - -422?
-3013040
In base 8, what is -154756 + -1150?
-156126
In base 2, what is 10010110001100000110 + -11?
10010110001100000011
In base 9, what is -28803 - -232?
-28561
In base 5, what is -303034123 - -221?
-303033402
In base 5, what is 201024024300 - -12?
201024024312
In base 6, what is -2 - -112005133?
112005131
In base 11, what is 50 + 17501?
17551
In base 16, what is -3 - -59e5495?
59e5492
In base 2, what is -100 - -10011100001011001000?
10011100001011000100
In base 14, what is -5b3dd34 + d?
-5b3dd25
In base 6, what is -11311425 - 4404?
-11320233
In base 6, what is 14113 + -52202?
-34045
In base 12, what is -2 - 940a4b2?
-940a4b4
In base 5, what is 30400 - 202233?
-121333
In base 7, what is 12 - 4133643?
-4133631
In base 3, what is 2211222010021201 + -1?
2211222010021200
In base 5, what is 142122 + -31044?
111023
In base 8, what is 2705 + 147114?
152021
In base 7, what is -44 - -3005613?
3005536
In base 4, what is -3 + 122313003212?
122313003203
In base 6, what is 23551221 - 12?
23551205
In base 2, what is -101101010 + -10001100010001100?
-10001100111110110
In base 5, what is -10203 + -102043111?
-10210331